{"id":14647,"date":"2016-08-22T15:44:30","date_gmt":"2016-08-22T13:44:30","guid":{"rendered":"https:\/\/award.wiwo.de\/boc-2025-2022\/?page_id=14647"},"modified":"2019-10-14T12:15:51","modified_gmt":"2019-10-14T10:15:51","slug":"preisverleihung","status":"publish","type":"page","link":"https:\/\/award.wiwo.de\/boc\/preisverleihung\/","title":{"rendered":"PREISVERLEIHUNG"},"content":{"rendered":"[vc_row][vc_column][vc_column_text]\n<p style=\"text-align: left\">Auf der feierlichen Preisverleihung am Dienstag, den 03. Dezember 2019 in D\u00fcsseldorf werden die Gewinner des Best of Consulting 2018 und Best of Consulting Mittelstand 2019 gek\u00fcrt.<\/p>\n<p style=\"text-align: left\">Wir freuen uns Sie im InterContinental auf der D\u00fcsseldorfer K\u00f6nigsallee mit folgendem Programm begr\u00fc\u00dfen zu d\u00fcrfen:<\/p>\n<p style=\"text-align: center\"><strong>17.30 Uhr Siegelverleihung\n<\/strong>der Exzellent- &amp; Pr\u00e4miert-Auszeichnungen<\/p>\n<p style=\"text-align: center\"><strong>18.30 Uhr Sektempfang &amp; Imbiss<\/strong><\/p>\n<p style=\"text-align: center\"><strong>19.15 Uhr Er\u00f6ffnung der Veranstaltung<\/strong>\ndurch den Chefredakteur der WirtschaftsWoche Beat Balzli<\/p>\n<p style=\"text-align: center\"><strong>20.00 Uhr Preisverleihung &amp; Galadinner<\/strong><\/p>\n<p style=\"text-align: center\"><strong>21:45 Uhr Ende des B\u00fchnenprogrammes &amp; Flying Dessert<\/strong><\/p>\n<p style=\"text-align: center\"><strong>23.30 Uhr Offizielles Ende der Veranstaltung<\/strong><\/p>\n[\/vc_column_text][vc_raw_html]JTNDc2NyaXB0JTIwdHlwZSUzRCUyMnRleHQlMkZqYXZhc2NyaXB0JTIyJTIwc3JjJTNEJTIyaHR0cHMlM0ElMkYlMkZmb3JtLmpvdGZvcm1ldS5jb20lMkZqc2Zvcm0lMkY4Mjk1MzkwNzY5MzM3MSUyMiUzRSUzQyUyRnNjcmlwdCUzRQ==[\/vc_raw_html][\/vc_column][vc_column][\/vc_column][vc_column][\/vc_column][\/vc_row]","protected":false},"excerpt":{"rendered":"[vc_row][vc_column][vc_column_text] Auf der feierlichen Preisverleihung am Dienstag, den 03. Dezember 2019 in D\u00fcsseldorf werden die Gewinner des Best of Consulting 2018 und Best of Consulting Mittelstand 2019 gek\u00fcrt. Wir freuen uns Sie im InterContinental auf der D\u00fcsseldorfer K\u00f6nigsallee mit folgendem Programm begr\u00fc\u00dfen zu d\u00fcrfen: 17.30 Uhr Siegelverleihung der Exzellent- &amp; Pr\u00e4miert-Auszeichnungen 18.30 Uhr Sektempfang &amp; [&hellip;]","protected":false},"author":20,"featured_media":0,"parent":0,"menu_order":0,"comment_status":"closed","ping_status":"closed","template":"","meta":{"_acf_changed":false,"footnotes":""},"categories":[],"class_list":["post-14647","page","type-page","status-publish","hentry"],"yoast_head":"<!-- This site is optimized with the Yoast SEO plugin v27.2 - https:\/\/yoast.com\/product\/yoast-seo-wordpress\/ -->\n<title>PREISVERLEIHUNG - Best of Consulting<\/title>\n<meta name=\"description\" content=\"Auf der feierlichen Preisverleihung am Dienstag, den 03. Dezember 2019 in D\u00fcsseldorf werden die Gewinner des Best of Consulting 2018 und Best of Consulting Mittelstand 2019 gek\u00fcrt. Wir freuen uns Sie im InterContinental auf der D\u00fcsseldorfer K\u00f6nigsallee mit folgendem Programm begr\u00fc\u00dfen zu d\u00fcrfen: 17.30 Uhr Siegelverleihung der Exzellent- &amp; Pr\u00e4miert-Auszeichnungen 18.30 Uhr Sektempfang &amp; Imbiss 19.15 Uhr Er\u00f6ffnung der Veranstaltung durch den Chefredakteur der WirtschaftsWoche Beat Balzli 20.00 Uhr Preisverleihung &amp; Galadinner 21:45 Uhr Ende des B\u00fchnenprogrammes &amp; Flying Dessert 23.30 Uhr Offizielles Ende der Veranstaltung JTNDc2NyaXB0JTIwdHlwZSUzRCUyMnRleHQlMkZqYXZhc2NyaXB0JTIyJTIwc3JjJTNEJTIyaHR0cHMlM0ElMkYlMkZmb3JtLmpvdGZvcm1ldS5jb20lMkZqc2Zvcm0lMkY4Mjk1MzkwNzY5MzM3MSUyMiUzRSUzQyUyRnNjcmlwdCUzRQ==\" \/>\n<meta name=\"robots\" content=\"index, follow, max-snippet:-1, max-image-preview:large, max-video-preview:-1\" \/>\n<link rel=\"canonical\" href=\"https:\/\/award.wiwo.de\/boc\/preisverleihung\/\" \/>\n<meta property=\"og:locale\" content=\"de_DE\" \/>\n<meta property=\"og:type\" content=\"article\" \/>\n<meta property=\"og:title\" content=\"PREISVERLEIHUNG - Best of Consulting\" \/>\n<meta property=\"og:description\" content=\"Auf der feierlichen Preisverleihung am Dienstag, den 03. Dezember 2019 in D\u00fcsseldorf werden die Gewinner des Best of Consulting 2018 und Best of Consulting Mittelstand 2019 gek\u00fcrt. Wir freuen uns Sie im InterContinental auf der D\u00fcsseldorfer K\u00f6nigsallee mit folgendem Programm begr\u00fc\u00dfen zu d\u00fcrfen: 17.30 Uhr Siegelverleihung der Exzellent- &amp; Pr\u00e4miert-Auszeichnungen 18.30 Uhr Sektempfang &amp; Imbiss 19.15 Uhr Er\u00f6ffnung der Veranstaltung durch den Chefredakteur der WirtschaftsWoche Beat Balzli 20.00 Uhr Preisverleihung &amp; Galadinner 21:45 Uhr Ende des B\u00fchnenprogrammes &amp; Flying Dessert 23.30 Uhr Offizielles Ende der Veranstaltung JTNDc2NyaXB0JTIwdHlwZSUzRCUyMnRleHQlMkZqYXZhc2NyaXB0JTIyJTIwc3JjJTNEJTIyaHR0cHMlM0ElMkYlMkZmb3JtLmpvdGZvcm1ldS5jb20lMkZqc2Zvcm0lMkY4Mjk1MzkwNzY5MzM3MSUyMiUzRSUzQyUyRnNjcmlwdCUzRQ==\" \/>\n<meta property=\"og:url\" content=\"https:\/\/award.wiwo.de\/boc\/preisverleihung\/\" \/>\n<meta property=\"og:site_name\" content=\"Best of Consulting\" \/>\n<meta property=\"article:modified_time\" content=\"2019-10-14T10:15:51+00:00\" \/>\n<meta name=\"twitter:card\" content=\"summary_large_image\" \/>\n<meta name=\"twitter:label1\" content=\"Gesch\u00e4tzte Lesezeit\" \/>\n\t<meta name=\"twitter:data1\" content=\"1\u00a0Minute\" \/>\n<script type=\"application\/ld+json\" class=\"yoast-schema-graph\">{\"@context\":\"https:\/\/schema.org\",\"@graph\":[{\"@type\":\"WebPage\",\"@id\":\"https:\/\/award.wiwo.de\/boc\/preisverleihung\/\",\"url\":\"https:\/\/award.wiwo.de\/boc\/preisverleihung\/\",\"name\":\"PREISVERLEIHUNG - Best of Consulting\",\"isPartOf\":{\"@id\":\"https:\/\/award.wiwo.de\/boc\/#website\"},\"datePublished\":\"2016-08-22T13:44:30+00:00\",\"dateModified\":\"2019-10-14T10:15:51+00:00\",\"description\":\"Auf der feierlichen Preisverleihung am Dienstag, den 03. Dezember 2019 in D\u00fcsseldorf werden die Gewinner des Best of Consulting 2018 und Best of Consulting Mittelstand 2019 gek\u00fcrt. Wir freuen uns Sie im InterContinental auf der D\u00fcsseldorfer K\u00f6nigsallee mit folgendem Programm begr\u00fc\u00dfen zu d\u00fcrfen: 17.30 Uhr Siegelverleihung der Exzellent- &amp; Pr\u00e4miert-Auszeichnungen 18.30 Uhr Sektempfang &amp; Imbiss 19.15 Uhr Er\u00f6ffnung der Veranstaltung durch den Chefredakteur der WirtschaftsWoche Beat Balzli 20.00 Uhr Preisverleihung &amp; Galadinner 21:45 Uhr Ende des B\u00fchnenprogrammes &amp; Flying Dessert 23.30 Uhr Offizielles Ende der Veranstaltung JTNDc2NyaXB0JTIwdHlwZSUzRCUyMnRleHQlMkZqYXZhc2NyaXB0JTIyJTIwc3JjJTNEJTIyaHR0cHMlM0ElMkYlMkZmb3JtLmpvdGZvcm1ldS5jb20lMkZqc2Zvcm0lMkY4Mjk1MzkwNzY5MzM3MSUyMiUzRSUzQyUyRnNjcmlwdCUzRQ==\",\"breadcrumb\":{\"@id\":\"https:\/\/award.wiwo.de\/boc\/preisverleihung\/#breadcrumb\"},\"inLanguage\":\"de\",\"potentialAction\":[{\"@type\":\"ReadAction\",\"target\":[\"https:\/\/award.wiwo.de\/boc\/preisverleihung\/\"]}]},{\"@type\":\"BreadcrumbList\",\"@id\":\"https:\/\/award.wiwo.de\/boc\/preisverleihung\/#breadcrumb\",\"itemListElement\":[{\"@type\":\"ListItem\",\"position\":1,\"name\":\"Startseite\",\"item\":\"https:\/\/award.wiwo.de\/boc\/startseite\/\"},{\"@type\":\"ListItem\",\"position\":2,\"name\":\"PREISVERLEIHUNG\"}]},{\"@type\":\"WebSite\",\"@id\":\"https:\/\/award.wiwo.de\/boc\/#website\",\"url\":\"https:\/\/award.wiwo.de\/boc\/\",\"name\":\"WirtschaftsWoche\",\"description\":\"Der Wettbewerb der WirtschaftsWoche f\u00fcr herausragende Beratungsleistungen\",\"publisher\":{\"@id\":\"https:\/\/award.wiwo.de\/boc\/#organization\"},\"potentialAction\":[{\"@type\":\"SearchAction\",\"target\":{\"@type\":\"EntryPoint\",\"urlTemplate\":\"https:\/\/award.wiwo.de\/boc\/?s={search_term_string}\"},\"query-input\":{\"@type\":\"PropertyValueSpecification\",\"valueRequired\":true,\"valueName\":\"search_term_string\"}}],\"inLanguage\":\"de\"},{\"@type\":\"Organization\",\"@id\":\"https:\/\/award.wiwo.de\/boc\/#organization\",\"name\":\"Best of Consulting\",\"url\":\"https:\/\/award.wiwo.de\/boc\/\",\"logo\":{\"@type\":\"ImageObject\",\"inLanguage\":\"de\",\"@id\":\"https:\/\/award.wiwo.de\/boc\/#\/schema\/logo\/image\/\",\"url\":\"https:\/\/award.wiwo.de\/boc\/wp-content\/uploads\/sites\/21\/2022\/02\/boc-logo.png\",\"contentUrl\":\"https:\/\/award.wiwo.de\/boc\/wp-content\/uploads\/sites\/21\/2022\/02\/boc-logo.png\",\"width\":225,\"height\":80,\"caption\":\"Best of Consulting\"},\"image\":{\"@id\":\"https:\/\/award.wiwo.de\/boc\/#\/schema\/logo\/image\/\"}}]}<\/script>\n<!-- \/ Yoast SEO plugin. -->","yoast_head_json":{"title":"PREISVERLEIHUNG - Best of Consulting","description":"Auf der feierlichen Preisverleihung am Dienstag, den 03. Dezember 2019 in D\u00fcsseldorf werden die Gewinner des Best of Consulting 2018 und Best of Consulting Mittelstand 2019 gek\u00fcrt. Wir freuen uns Sie im InterContinental auf der D\u00fcsseldorfer K\u00f6nigsallee mit folgendem Programm begr\u00fc\u00dfen zu d\u00fcrfen: 17.30 Uhr Siegelverleihung der Exzellent- &amp; Pr\u00e4miert-Auszeichnungen 18.30 Uhr Sektempfang &amp; Imbiss 19.15 Uhr Er\u00f6ffnung der Veranstaltung durch den Chefredakteur der WirtschaftsWoche Beat Balzli 20.00 Uhr Preisverleihung &amp; Galadinner 21:45 Uhr Ende des B\u00fchnenprogrammes &amp; Flying Dessert 23.30 Uhr Offizielles Ende der Veranstaltung JTNDc2NyaXB0JTIwdHlwZSUzRCUyMnRleHQlMkZqYXZhc2NyaXB0JTIyJTIwc3JjJTNEJTIyaHR0cHMlM0ElMkYlMkZmb3JtLmpvdGZvcm1ldS5jb20lMkZqc2Zvcm0lMkY4Mjk1MzkwNzY5MzM3MSUyMiUzRSUzQyUyRnNjcmlwdCUzRQ==","robots":{"index":"index","follow":"follow","max-snippet":"max-snippet:-1","max-image-preview":"max-image-preview:large","max-video-preview":"max-video-preview:-1"},"canonical":"https:\/\/award.wiwo.de\/boc\/preisverleihung\/","og_locale":"de_DE","og_type":"article","og_title":"PREISVERLEIHUNG - Best of Consulting","og_description":"Auf der feierlichen Preisverleihung am Dienstag, den 03. Dezember 2019 in D\u00fcsseldorf werden die Gewinner des Best of Consulting 2018 und Best of Consulting Mittelstand 2019 gek\u00fcrt. Wir freuen uns Sie im InterContinental auf der D\u00fcsseldorfer K\u00f6nigsallee mit folgendem Programm begr\u00fc\u00dfen zu d\u00fcrfen: 17.30 Uhr Siegelverleihung der Exzellent- &amp; Pr\u00e4miert-Auszeichnungen 18.30 Uhr Sektempfang &amp; Imbiss 19.15 Uhr Er\u00f6ffnung der Veranstaltung durch den Chefredakteur der WirtschaftsWoche Beat Balzli 20.00 Uhr Preisverleihung &amp; Galadinner 21:45 Uhr Ende des B\u00fchnenprogrammes &amp; Flying Dessert 23.30 Uhr Offizielles Ende der Veranstaltung JTNDc2NyaXB0JTIwdHlwZSUzRCUyMnRleHQlMkZqYXZhc2NyaXB0JTIyJTIwc3JjJTNEJTIyaHR0cHMlM0ElMkYlMkZmb3JtLmpvdGZvcm1ldS5jb20lMkZqc2Zvcm0lMkY4Mjk1MzkwNzY5MzM3MSUyMiUzRSUzQyUyRnNjcmlwdCUzRQ==","og_url":"https:\/\/award.wiwo.de\/boc\/preisverleihung\/","og_site_name":"Best of Consulting","article_modified_time":"2019-10-14T10:15:51+00:00","twitter_card":"summary_large_image","twitter_misc":{"Gesch\u00e4tzte Lesezeit":"1\u00a0Minute"},"schema":{"@context":"https:\/\/schema.org","@graph":[{"@type":"WebPage","@id":"https:\/\/award.wiwo.de\/boc\/preisverleihung\/","url":"https:\/\/award.wiwo.de\/boc\/preisverleihung\/","name":"PREISVERLEIHUNG - Best of Consulting","isPartOf":{"@id":"https:\/\/award.wiwo.de\/boc\/#website"},"datePublished":"2016-08-22T13:44:30+00:00","dateModified":"2019-10-14T10:15:51+00:00","description":"Auf der feierlichen Preisverleihung am Dienstag, den 03. Dezember 2019 in D\u00fcsseldorf werden die Gewinner des Best of Consulting 2018 und Best of Consulting Mittelstand 2019 gek\u00fcrt. Wir freuen uns Sie im InterContinental auf der D\u00fcsseldorfer K\u00f6nigsallee mit folgendem Programm begr\u00fc\u00dfen zu d\u00fcrfen: 17.30 Uhr Siegelverleihung der Exzellent- &amp; Pr\u00e4miert-Auszeichnungen 18.30 Uhr Sektempfang &amp; Imbiss 19.15 Uhr Er\u00f6ffnung der Veranstaltung durch den Chefredakteur der WirtschaftsWoche Beat Balzli 20.00 Uhr Preisverleihung &amp; Galadinner 21:45 Uhr Ende des B\u00fchnenprogrammes &amp; Flying Dessert 23.30 Uhr Offizielles Ende der Veranstaltung JTNDc2NyaXB0JTIwdHlwZSUzRCUyMnRleHQlMkZqYXZhc2NyaXB0JTIyJTIwc3JjJTNEJTIyaHR0cHMlM0ElMkYlMkZmb3JtLmpvdGZvcm1ldS5jb20lMkZqc2Zvcm0lMkY4Mjk1MzkwNzY5MzM3MSUyMiUzRSUzQyUyRnNjcmlwdCUzRQ==","breadcrumb":{"@id":"https:\/\/award.wiwo.de\/boc\/preisverleihung\/#breadcrumb"},"inLanguage":"de","potentialAction":[{"@type":"ReadAction","target":["https:\/\/award.wiwo.de\/boc\/preisverleihung\/"]}]},{"@type":"BreadcrumbList","@id":"https:\/\/award.wiwo.de\/boc\/preisverleihung\/#breadcrumb","itemListElement":[{"@type":"ListItem","position":1,"name":"Startseite","item":"https:\/\/award.wiwo.de\/boc\/startseite\/"},{"@type":"ListItem","position":2,"name":"PREISVERLEIHUNG"}]},{"@type":"WebSite","@id":"https:\/\/award.wiwo.de\/boc\/#website","url":"https:\/\/award.wiwo.de\/boc\/","name":"WirtschaftsWoche","description":"Der Wettbewerb der WirtschaftsWoche f\u00fcr herausragende Beratungsleistungen","publisher":{"@id":"https:\/\/award.wiwo.de\/boc\/#organization"},"potentialAction":[{"@type":"SearchAction","target":{"@type":"EntryPoint","urlTemplate":"https:\/\/award.wiwo.de\/boc\/?s={search_term_string}"},"query-input":{"@type":"PropertyValueSpecification","valueRequired":true,"valueName":"search_term_string"}}],"inLanguage":"de"},{"@type":"Organization","@id":"https:\/\/award.wiwo.de\/boc\/#organization","name":"Best of Consulting","url":"https:\/\/award.wiwo.de\/boc\/","logo":{"@type":"ImageObject","inLanguage":"de","@id":"https:\/\/award.wiwo.de\/boc\/#\/schema\/logo\/image\/","url":"https:\/\/award.wiwo.de\/boc\/wp-content\/uploads\/sites\/21\/2022\/02\/boc-logo.png","contentUrl":"https:\/\/award.wiwo.de\/boc\/wp-content\/uploads\/sites\/21\/2022\/02\/boc-logo.png","width":225,"height":80,"caption":"Best of Consulting"},"image":{"@id":"https:\/\/award.wiwo.de\/boc\/#\/schema\/logo\/image\/"}}]}},"acf":[],"_links":{"self":[{"href":"https:\/\/award.wiwo.de\/boc\/wp-json\/wp\/v2\/pages\/14647","targetHints":{"allow":["GET"]}}],"collection":[{"href":"https:\/\/award.wiwo.de\/boc\/wp-json\/wp\/v2\/pages"}],"about":[{"href":"https:\/\/award.wiwo.de\/boc\/wp-json\/wp\/v2\/types\/page"}],"author":[{"embeddable":true,"href":"https:\/\/award.wiwo.de\/boc\/wp-json\/wp\/v2\/users\/20"}],"replies":[{"embeddable":true,"href":"https:\/\/award.wiwo.de\/boc\/wp-json\/wp\/v2\/comments?post=14647"}],"version-history":[{"count":33,"href":"https:\/\/award.wiwo.de\/boc\/wp-json\/wp\/v2\/pages\/14647\/revisions"}],"predecessor-version":[{"id":15767,"href":"https:\/\/award.wiwo.de\/boc\/wp-json\/wp\/v2\/pages\/14647\/revisions\/15767"}],"wp:attachment":[{"href":"https:\/\/award.wiwo.de\/boc\/wp-json\/wp\/v2\/media?parent=14647"}],"wp:term":[{"taxonomy":"category","embeddable":true,"href":"https:\/\/award.wiwo.de\/boc\/wp-json\/wp\/v2\/categories?post=14647"}],"curies":[{"name":"wp","href":"https:\/\/api.w.org\/{rel}","templated":true}]}}