{"id":27,"date":"2021-01-10T21:48:09","date_gmt":"2021-01-10T20:48:09","guid":{"rendered":"https:\/\/award.wiwo.de\/sia\/?page_id=27"},"modified":"2026-04-16T16:25:22","modified_gmt":"2026-04-16T14:25:22","slug":"kategorien","status":"publish","type":"page","link":"https:\/\/award.wiwo.de\/sia\/award\/kategorien\/","title":{"rendered":"Kategorien"},"content":{"rendered":"<div id='categories'  class='avia-section av-781wj-f70b9a62a2979450e34ff8439cef0486 alternate_color avia-section-default avia-no-border-styling  avia-builder-el-0  avia-builder-el-no-sibling  skew notop avia-bg-style-scroll container_wrap fullsize'  ><div class='container av-section-cont-open' ><main  role=\"main\" itemprop=\"mainContentOfPage\"  class='template-page content  av-content-full alpha units'><div class='post-entry post-entry-type-page post-entry-27'><div class='entry-content-wrapper clearfix'>\n<section  class='av_textblock_section av-70xt3-42a6d5558d560c827a82c60d2a27e506 '   itemscope=\"itemscope\" itemtype=\"https:\/\/schema.org\/CreativeWork\" ><div class='avia_textblock'  itemprop=\"text\" ><h3>Der Sustainable Impact Award 2026 zeichnet nachhaltig wirtschaftende mittelst\u00e4ndische Unternehmen in vier Kategorien aus.<\/h3>\n<h4>Die Bewerbungskategorien f\u00fcr den SIA haben wir in 2026 weiterentwickelt. Statt der bisherigen drei Hauptkategorien \u2013 <em>Impact of Corporate Sustainable Governance,\u00a0Impact on Earth<\/em>\u00a0und\u00a0<em>Impact of Product\u00a0<\/em>\u2013 gibt es nun zwei neue Hauptkategorien. Die Kategorie <em>Nachhaltige Unternehmensf\u00fchrung<\/em> richtet sich auf die strategischen und operativen Nachhaltigkeitsbem\u00fchungen innerhalb der Unternehmen. Erg\u00e4nzend dazu fokussiert die Kategorie\u00a0<em>Enabler f\u00fcr Nachhaltigkeit <\/em>auf Produkte und Dienstleistungen, die andere Akteure bef\u00e4higen, nachhaltiger zu handeln.<\/h4>\n<\/div><\/section>\n<div  class='avia-icon-list-container av-6ea57-bad397b065e4e42e3c404110bf87d923  avia-builder-el-2  el_after_av_textblock  el_before_av_icon_box '><ul class='avia-icon-list avia_animate_when_almost_visible avia-icon-list-left av-iconlist-big av-6ea57-bad397b065e4e42e3c404110bf87d923 avia-iconlist-animate'>\n<li><div class='iconlist_icon av-5vjwz-bc847de7c9640ef8bbada922fdb1280b avia-font-entypo-fontello avia-iconfont avia-font-entypo-fontello'><span class='av-icon-char' data-av_icon='\ue80b' data-av_iconfont='entypo-fontello' aria-hidden=\"true\"><\/span><\/div><article class=\"article-icon-entry \"  itemscope=\"itemscope\" itemtype=\"https:\/\/schema.org\/CreativeWork\" ><div class=\"iconlist_content_wrap\"><header class=\"entry-content-header\" aria-label=\"Icon: \"><\/header><div class='iconlist_content '  itemprop=\"text\" ><h3>Nachhaltige Unternehmensf\u00fchrung <span style=\"color: #579788;\">\u2013 Ganzheitliche Verantwortung f\u00fcr Umwelt und Gesellschaft<\/span><\/h3>\n<p>Diese Kategorie w\u00fcrdigt mittelst\u00e4ndische Unternehmen, die Nachhaltigkeit sowohl strategisch als auch operativ leben. Sie verankern \u00f6kologische und soziale Aspekte fest in ihrer Unternehmensstrategie und setzen diese durch konkrete, messbare Ma\u00dfnahmen um. Die Gesch\u00e4ftsf\u00fchrung denkt langfristig und integriert Nachhaltigkeit in Steuerung und Kommunikation, w\u00e4hrend Mitarbeitende aktiv eingebunden und bef\u00e4higt werden, Ver\u00e4nderungen mitzugestalten.<\/p>\n<p>Im Mittelpunkt steht das Verst\u00e4ndnis, dass nachhaltiges Handeln nicht aus isolierten Projekten besteht, sondern Teil eines strategischen Gesamtkonzepts ist: Von Energiequellen \u00fcber Mobilit\u00e4t bis hin zu Produktion und Vertrieb reduzieren die Unternehmen ihren \u00f6kologischen Fu\u00dfabdruck und tragen so zu einem emissionsarmen Wirtschaften bei. Gesucht werden Betriebe, die zeigen, wie strategische Weitsicht und praktisches Handeln gemeinsam eine nachhaltige Zukunft gestalten. Entweder \u00fcber den gesamten Betrieb hinweg oder in einzelnen Teilbereichen.<\/p>\n<\/div><\/div><footer class=\"entry-footer\"><\/footer><\/article><div class=\"iconlist-timeline\"><\/div><\/li>\n<li><div class='iconlist_icon av-4kd5f-b0db497fec8393b01bee71621cabfe2b avia-font-entypo-fontello avia-iconfont avia-font-entypo-fontello'><span class='av-icon-char' data-av_icon='\ue8a3' data-av_iconfont='entypo-fontello' aria-hidden=\"true\"><\/span><\/div><article class=\"article-icon-entry \"  itemscope=\"itemscope\" itemtype=\"https:\/\/schema.org\/CreativeWork\" ><div class=\"iconlist_content_wrap\"><header class=\"entry-content-header\" aria-label=\"Icon: \"><\/header><div class='iconlist_content '  itemprop=\"text\" ><h3>Enabler f\u00fcr Nachhaltigkeit <span style=\"color: #579788;\">\u2013 Mit Produkten &amp; Services nachhaltiges Handeln erm\u00f6glichen<\/span><\/h3>\n<p>Diese Kategorie zeichnet mittelst\u00e4ndische Unternehmen aus, deren Gesch\u00e4ftsmodell, andere Unternehmen, Akteure oder auch VerbraucherInnen bef\u00e4higt, nachhaltiger zu handeln. Im Mittelpunkt stehen Produkte, Dienstleistungen oder Plattformen, die einen multiplikativen Effekt erzeugen: Sie erm\u00f6glichen es KundInnen, Partnern oder VerbraucherInnen, Emissionen zu reduzieren, Ressourcen zu schonen, Kreislaufwirtschaft zu f\u00f6rdern oder sozialer zu handeln \u2013 basierend auf innovativen, messbaren und glaubw\u00fcrdigen Ans\u00e4tzen. Anders als bei der Kategorie Nachhaltige Unternehmensf\u00fchrung \u2013 Ganzheitliche Verantwortung f\u00fcr Umwelt und Gesellschaft liegt der Fokus auf den Produkten, Dienstleistungen und dem Gesch\u00e4ftsmodell des Betriebs.<\/p>\n<\/div><\/div><footer class=\"entry-footer\"><\/footer><\/article><div class=\"iconlist-timeline\"><\/div><\/li>\n<\/ul><\/div>\n\n<style type=\"text\/css\" data-created_by=\"avia_inline_auto\" id=\"style-css-av-3oa4v-98d26e1c45d2facce9ca5f19674acc56\">\n.iconbox.av-3oa4v-98d26e1c45d2facce9ca5f19674acc56 .iconbox_icon{\nbackground-color:#b02b2c;\nborder:1px solid #b02b2c;\ncolor:#ffffff;\n}\n.iconbox.av-3oa4v-98d26e1c45d2facce9ca5f19674acc56 .iconbox_icon.avia-svg-icon svg:first-child{\nfill:#ffffff;\nstroke:#ffffff;\n}\n<\/style>\n<article  class='iconbox iconbox_left_content av-3oa4v-98d26e1c45d2facce9ca5f19674acc56  avia-builder-el-3  el_after_av_iconlist  el_before_av_iconlist  sme-sonderpreis'  itemscope=\"itemscope\" itemtype=\"https:\/\/schema.org\/CreativeWork\" ><div class='iconbox_icon heading-color avia-iconfont avia-font-entypo-fontello' data-av_icon='\ue808' data-av_iconfont='entypo-fontello'  ><\/div><div class=\"iconbox_content\"><header class=\"entry-content-header\" aria-label=\"Icon: Sonderpreise\"><h3 class='iconbox_content_title '  itemprop=\"headline\" >Sonderpreise<\/h3><\/header><div class='iconbox_content_container '  itemprop=\"text\" ><\/div><\/div><footer class=\"entry-footer\"><\/footer><\/article>\n<div  class='avia-icon-list-container av-3cxvn-125258f5142bd23696cf7d178038e824  avia-builder-el-4  el_after_av_icon_box  el_before_av_iconlist  sonderpreis-icons-25'><ul class='avia-icon-list avia_animate_when_almost_visible avia-icon-list-left av-iconlist-big av-3cxvn-125258f5142bd23696cf7d178038e824 avia-iconlist-animate'>\n<li><div class='iconlist_icon av-2s6i3-80b1e3051d38501345b9cc033b5f8360 avia-font-entypo-fontello avia-iconfont avia-font-entypo-fontello'><span class='av-icon-char' data-av_icon='\ue8b8' data-av_iconfont='entypo-fontello' aria-hidden=\"true\"><\/span><\/div><article class=\"article-icon-entry \"  itemscope=\"itemscope\" itemtype=\"https:\/\/schema.org\/CreativeWork\" ><div class=\"iconlist_content_wrap\"><header class=\"entry-content-header\" aria-label=\"Icon: \"><\/header><div class='iconlist_content '  itemprop=\"text\" ><h3>\u201eGenerali SME EnterPrize\u201c \u2013<img loading=\"lazy\" decoding=\"async\" class=\"alignright wp-image-1988\" src=\"https:\/\/award.wiwo.de\/sia\/wp-content\/uploads\/sites\/15\/2023\/02\/Logo-SME-EnterPRIZE-800x147-1.png\" alt=\"\" width=\"99\" height=\"77\" \/> KMU&#8217;s, die gesamtheitlich nachhaltig agieren<\/h3>\n<p>17 Ziele legen die Vereinten Nationen in den Sustainable Development Goals fest und begreifen so Nachhaltigkeit als umfassende Aufgabe jenseits des Klimaschutzes und erweitern diese um Armutsbek\u00e4mpfung, Geschlechtergleichheit und Frieden. Alles h\u00e4ngt mit allem zusammen ist die Botschaft. Der \u201eGenerali SME EnterPrize\u201c bildet die Sonderkategorie beim Sustainable Impact Award 2026. Er widmet sich nicht nur den Teilaspekten nachhaltigen Wirtschaftens in mittelst\u00e4ndischen und aufstrebenden Unternehmen, sondern bewertet \u00f6kologische und soziale Strategien sowie deren Umsetzung in ihrer Gesamtheit durch mittelst\u00e4ndische Unternehmen. Diese Sonderauszeichnung richtet sich an Unternehmen mit mindestens 30 Mitarbeitenden und maximal 250 Mitarbeitende und die mindestens 3 Jahre am Markt sind.<\/p>\n<\/div><\/div><footer class=\"entry-footer\"><\/footer><\/article><div class=\"iconlist-timeline\"><\/div><\/li>\n<li><div class='iconlist_icon av-28fxj-1b3c64c20e6b53596fb663316e2ef0c2 avia-font-entypo-fontello avia-iconfont avia-font-entypo-fontello'><span class='av-icon-char' data-av_icon='\ue866' data-av_iconfont='entypo-fontello' aria-hidden=\"true\"><\/span><\/div><article class=\"article-icon-entry \"  itemscope=\"itemscope\" itemtype=\"https:\/\/schema.org\/CreativeWork\" ><div class=\"iconlist_content_wrap\"><header class=\"entry-content-header\" aria-label=\"Icon: \"><\/header><div class='iconlist_content '  itemprop=\"text\" ><h3>Generali NewComer EnterPrize &#8211; Jungunternehmen und Start-ups, die mehr Nachhaltigkeit erm\u00f6glichen<\/h3>\n<h3><img loading=\"lazy\" decoding=\"async\" class=\"alignright wp-image-1988\" src=\"https:\/\/award.wiwo.de\/sia\/wp-content\/uploads\/sites\/15\/2023\/02\/Logo-SME-EnterPRIZE-800x147-1.png\" alt=\"\" width=\"99\" height=\"77\" \/><\/h3>\n<p>Der Sustainable Impact Award 2026 zeichnet in dieser Kategorie Start-ups aus, die einen wirkungsvollen Beitrag im sozialen Bereich und\/oder f\u00fcr unsere Umwelt leisten. Es geht um junge Unternehmen, die sich mit einer Gesch\u00e4ftsidee besonders in den Bereichen der Energie- und Ressourceneffizienz, F\u00f6rderung von Kreislaufwirtschaft, Erhaltung der Artenvielfalt, Einsatz f\u00fcr den Schutz der Meere und\/oder von Gew\u00e4ssern, Klimaschutz und Adaption an die Klimakrise, CO<sub>2<\/sub>-Abdruck-Verringerung oder soziales Engagement f\u00fcr benachteiligte Bev\u00f6lkerungsgruppen besonders hervorheben. Dabei f\u00f6rdert das Start-up entweder selber die Nachhaltigkeit oder unterst\u00fctzt andere Unternehmen dabei, ihre Nachhaltigkeit zu verbessern. Diese Sonderauszeichnung richtet sich an junge Unternehmen, welche mindestens 6 Monate bzw. maximal 3 Jahre am Markt sind und bis zu maximal 30 Mitarbeitende besch\u00e4ftigen.<\/p>\n<\/div><\/div><footer class=\"entry-footer\"><\/footer><\/article><div class=\"iconlist-timeline\"><\/div><\/li>\n<\/ul><\/div>\n<div  class='avia-icon-list-container av-1gty7-873a108633b14ea113d5976950353495  avia-builder-el-5  el_after_av_iconlist  avia-builder-el-last  sonderpreis-icons-25 benefits-25'><ul class='avia-icon-list avia_animate_when_almost_visible avia-icon-list-left av-iconlist-big av-1gty7-873a108633b14ea113d5976950353495 avia-iconlist-animate'>\n<li><div class='iconlist_icon av-todv-c7737d7a52c6f09b818e248601608510 avia-font-entypo-fontello avia-iconfont avia-font-entypo-fontello'><span class='av-icon-char' data-av_icon='\ue809' data-av_iconfont='entypo-fontello' aria-hidden=\"true\"><\/span><\/div><article class=\"article-icon-entry \"  itemscope=\"itemscope\" itemtype=\"https:\/\/schema.org\/CreativeWork\" ><div class=\"iconlist_content_wrap\"><header class=\"entry-content-header\" aria-label=\"Icon: \"><\/header><div class='iconlist_content '  itemprop=\"text\" ><p><span style=\"color: #b02b2c;\"><strong>Benefits f\u00fcr den 1. Platz in der Kategorie &#8222;Generali NewComer EnterPrize&#8220; <\/strong>(mit freundlicher Unterst\u00fctzung von Plug and Play Ventures, dem aktivsten Fr\u00fchphaseninvestor nach Anzahl der Exits)\u00a0<\/span><\/p>\n<ul>\n<li><strong>Mentoring<\/strong> durch Plug and Play Ventures<\/li>\n<li>Teilnahme an den <strong>Plug and Play\u2019s Insurance &amp; Sustainability Summits<\/strong> in Europa und im Silicon Valley, um relevante Vertreter potenzieller Kunden\/Partner zu treffen (Kosten f\u00fcr Reise und Unterkunft werden nicht \u00fcbernommen)<\/li>\n<li>2x <strong>Pitch &amp; Storytelling Schulungen<\/strong><\/li>\n<li>2x <strong>Fundraising Best Practices Workshops<\/strong><\/li>\n<\/ul>\n<p><img loading=\"lazy\" decoding=\"async\" class=\"size-full wp-image-2195 alignright\" style=\"margin: 20px;\" src=\"https:\/\/award.wiwo.de\/sia\/wp-content\/uploads\/sites\/15\/2023\/03\/plug-and-play-logo-blue-e1678180323934.png\" alt=\"\" width=\"140\" height=\"26\" \/><\/p>\n<\/div><\/div><footer class=\"entry-footer\"><\/footer><\/article><div class=\"iconlist-timeline\"><\/div><\/li>\n<\/ul><\/div>\n\n","protected":false},"excerpt":{"rendered":"","protected":false},"author":20,"featured_media":0,"parent":11,"menu_order":0,"comment_status":"closed","ping_status":"closed","template":"","meta":{"_acf_changed":false,"footnotes":""},"class_list":["post-27","page","type-page","status-publish","hentry"],"yoast_head":"<!-- This site is optimized with the Yoast SEO plugin v27.2 - https:\/\/yoast.com\/product\/yoast-seo-wordpress\/ -->\n<title>Kategorien - Sustainable Impact Award<\/title>\n<meta name=\"robots\" content=\"index, follow, max-snippet:-1, max-image-preview:large, max-video-preview:-1\" \/>\n<link rel=\"canonical\" href=\"https:\/\/award.wiwo.de\/sia\/award\/kategorien\/\" \/>\n<meta property=\"og:locale\" content=\"de_DE\" \/>\n<meta property=\"og:type\" content=\"article\" \/>\n<meta property=\"og:title\" content=\"Kategorien - Sustainable Impact Award\" \/>\n<meta property=\"og:url\" content=\"https:\/\/award.wiwo.de\/sia\/award\/kategorien\/\" \/>\n<meta property=\"og:site_name\" content=\"Sustainable Impact Award\" \/>\n<meta property=\"article:modified_time\" content=\"2026-04-16T14:25:22+00:00\" \/>\n<meta property=\"og:image\" content=\"https:\/\/award.wiwo.de\/sia\/wp-content\/uploads\/sites\/24\/2022\/05\/social-media-logo-og.png\" \/>\n\t<meta property=\"og:image:width\" content=\"955\" \/>\n\t<meta property=\"og:image:height\" content=\"500\" \/>\n\t<meta property=\"og:image:type\" content=\"image\/png\" \/>\n<meta name=\"twitter:card\" content=\"summary_large_image\" \/>\n<meta name=\"twitter:image\" content=\"https:\/\/award.wiwo.de\/sia\/wp-content\/uploads\/sites\/24\/2021\/09\/sia.jpg\" \/>\n<meta name=\"twitter:label1\" content=\"Gesch\u00e4tzte Lesezeit\" \/>\n\t<meta name=\"twitter:data1\" content=\"4\u00a0Minuten\" \/>\n<script type=\"application\/ld+json\" class=\"yoast-schema-graph\">{\"@context\":\"https:\/\/schema.org\",\"@graph\":[{\"@type\":\"WebPage\",\"@id\":\"https:\/\/award.wiwo.de\/sia\/award\/kategorien\/\",\"url\":\"https:\/\/award.wiwo.de\/sia\/award\/kategorien\/\",\"name\":\"Kategorien - Sustainable Impact Award\",\"isPartOf\":{\"@id\":\"https:\/\/award.wiwo.de\/sia\/#website\"},\"primaryImageOfPage\":{\"@id\":\"https:\/\/award.wiwo.de\/sia\/award\/kategorien\/#primaryimage\"},\"image\":{\"@id\":\"https:\/\/award.wiwo.de\/sia\/award\/kategorien\/#primaryimage\"},\"thumbnailUrl\":\"https:\/\/award.wiwo.de\/sia\/wp-content\/uploads\/sites\/15\/2023\/02\/Logo-SME-EnterPRIZE-800x147-1.png\",\"datePublished\":\"2021-01-10T20:48:09+00:00\",\"dateModified\":\"2026-04-16T14:25:22+00:00\",\"breadcrumb\":{\"@id\":\"https:\/\/award.wiwo.de\/sia\/award\/kategorien\/#breadcrumb\"},\"inLanguage\":\"de\",\"potentialAction\":[{\"@type\":\"ReadAction\",\"target\":[\"https:\/\/award.wiwo.de\/sia\/award\/kategorien\/\"]}]},{\"@type\":\"ImageObject\",\"inLanguage\":\"de\",\"@id\":\"https:\/\/award.wiwo.de\/sia\/award\/kategorien\/#primaryimage\",\"url\":\"https:\/\/award.wiwo.de\/sia\/wp-content\/uploads\/sites\/24\/2023\/02\/Logo-SME-EnterPRIZE-800x147-1.png\",\"contentUrl\":\"https:\/\/award.wiwo.de\/sia\/wp-content\/uploads\/sites\/24\/2023\/02\/Logo-SME-EnterPRIZE-800x147-1.png\",\"width\":188,\"height\":147},{\"@type\":\"BreadcrumbList\",\"@id\":\"https:\/\/award.wiwo.de\/sia\/award\/kategorien\/#breadcrumb\",\"itemListElement\":[{\"@type\":\"ListItem\",\"position\":1,\"name\":\"Startseite\",\"item\":\"https:\/\/award.wiwo.de\/sia\/home\/\"},{\"@type\":\"ListItem\",\"position\":2,\"name\":\"Award\",\"item\":\"https:\/\/award.wiwo.de\/sia\/award\/\"},{\"@type\":\"ListItem\",\"position\":3,\"name\":\"Kategorien\"}]},{\"@type\":\"WebSite\",\"@id\":\"https:\/\/award.wiwo.de\/sia\/#website\",\"url\":\"https:\/\/award.wiwo.de\/sia\/\",\"name\":\"Sustainable Impact Award\",\"description\":\"Die Nachhaltigkeitsinitiative der WirtschaftsWoche\",\"publisher\":{\"@id\":\"https:\/\/award.wiwo.de\/sia\/#organization\"},\"potentialAction\":[{\"@type\":\"SearchAction\",\"target\":{\"@type\":\"EntryPoint\",\"urlTemplate\":\"https:\/\/award.wiwo.de\/sia\/?s={search_term_string}\"},\"query-input\":{\"@type\":\"PropertyValueSpecification\",\"valueRequired\":true,\"valueName\":\"search_term_string\"}}],\"inLanguage\":\"de\"},{\"@type\":\"Organization\",\"@id\":\"https:\/\/award.wiwo.de\/sia\/#organization\",\"name\":\"Sustainable Impact Award\",\"url\":\"https:\/\/award.wiwo.de\/sia\/\",\"logo\":{\"@type\":\"ImageObject\",\"inLanguage\":\"de\",\"@id\":\"https:\/\/award.wiwo.de\/sia\/#\/schema\/logo\/image\/\",\"url\":\"https:\/\/award.wiwo.de\/sia\/wp-content\/uploads\/sites\/15\/2022\/05\/social-media-logo-og.png\",\"contentUrl\":\"https:\/\/award.wiwo.de\/sia\/wp-content\/uploads\/sites\/15\/2022\/05\/social-media-logo-og.png\",\"width\":955,\"height\":500,\"caption\":\"Sustainable Impact Award\"},\"image\":{\"@id\":\"https:\/\/award.wiwo.de\/sia\/#\/schema\/logo\/image\/\"}}]}<\/script>\n<!-- \/ Yoast SEO plugin. -->","yoast_head_json":{"title":"Kategorien - Sustainable Impact Award","robots":{"index":"index","follow":"follow","max-snippet":"max-snippet:-1","max-image-preview":"max-image-preview:large","max-video-preview":"max-video-preview:-1"},"canonical":"https:\/\/award.wiwo.de\/sia\/award\/kategorien\/","og_locale":"de_DE","og_type":"article","og_title":"Kategorien - Sustainable Impact Award","og_url":"https:\/\/award.wiwo.de\/sia\/award\/kategorien\/","og_site_name":"Sustainable Impact Award","article_modified_time":"2026-04-16T14:25:22+00:00","og_image":[{"width":955,"height":500,"url":"https:\/\/award.wiwo.de\/sia\/wp-content\/uploads\/sites\/24\/2022\/05\/social-media-logo-og.png","type":"image\/png"}],"twitter_card":"summary_large_image","twitter_image":"https:\/\/award.wiwo.de\/sia\/wp-content\/uploads\/sites\/24\/2021\/09\/sia.jpg","twitter_misc":{"Gesch\u00e4tzte Lesezeit":"4\u00a0Minuten"},"schema":{"@context":"https:\/\/schema.org","@graph":[{"@type":"WebPage","@id":"https:\/\/award.wiwo.de\/sia\/award\/kategorien\/","url":"https:\/\/award.wiwo.de\/sia\/award\/kategorien\/","name":"Kategorien - Sustainable Impact Award","isPartOf":{"@id":"https:\/\/award.wiwo.de\/sia\/#website"},"primaryImageOfPage":{"@id":"https:\/\/award.wiwo.de\/sia\/award\/kategorien\/#primaryimage"},"image":{"@id":"https:\/\/award.wiwo.de\/sia\/award\/kategorien\/#primaryimage"},"thumbnailUrl":"https:\/\/award.wiwo.de\/sia\/wp-content\/uploads\/sites\/15\/2023\/02\/Logo-SME-EnterPRIZE-800x147-1.png","datePublished":"2021-01-10T20:48:09+00:00","dateModified":"2026-04-16T14:25:22+00:00","breadcrumb":{"@id":"https:\/\/award.wiwo.de\/sia\/award\/kategorien\/#breadcrumb"},"inLanguage":"de","potentialAction":[{"@type":"ReadAction","target":["https:\/\/award.wiwo.de\/sia\/award\/kategorien\/"]}]},{"@type":"ImageObject","inLanguage":"de","@id":"https:\/\/award.wiwo.de\/sia\/award\/kategorien\/#primaryimage","url":"https:\/\/award.wiwo.de\/sia\/wp-content\/uploads\/sites\/24\/2023\/02\/Logo-SME-EnterPRIZE-800x147-1.png","contentUrl":"https:\/\/award.wiwo.de\/sia\/wp-content\/uploads\/sites\/24\/2023\/02\/Logo-SME-EnterPRIZE-800x147-1.png","width":188,"height":147},{"@type":"BreadcrumbList","@id":"https:\/\/award.wiwo.de\/sia\/award\/kategorien\/#breadcrumb","itemListElement":[{"@type":"ListItem","position":1,"name":"Startseite","item":"https:\/\/award.wiwo.de\/sia\/home\/"},{"@type":"ListItem","position":2,"name":"Award","item":"https:\/\/award.wiwo.de\/sia\/award\/"},{"@type":"ListItem","position":3,"name":"Kategorien"}]},{"@type":"WebSite","@id":"https:\/\/award.wiwo.de\/sia\/#website","url":"https:\/\/award.wiwo.de\/sia\/","name":"Sustainable Impact Award","description":"Die Nachhaltigkeitsinitiative der WirtschaftsWoche","publisher":{"@id":"https:\/\/award.wiwo.de\/sia\/#organization"},"potentialAction":[{"@type":"SearchAction","target":{"@type":"EntryPoint","urlTemplate":"https:\/\/award.wiwo.de\/sia\/?s={search_term_string}"},"query-input":{"@type":"PropertyValueSpecification","valueRequired":true,"valueName":"search_term_string"}}],"inLanguage":"de"},{"@type":"Organization","@id":"https:\/\/award.wiwo.de\/sia\/#organization","name":"Sustainable Impact Award","url":"https:\/\/award.wiwo.de\/sia\/","logo":{"@type":"ImageObject","inLanguage":"de","@id":"https:\/\/award.wiwo.de\/sia\/#\/schema\/logo\/image\/","url":"https:\/\/award.wiwo.de\/sia\/wp-content\/uploads\/sites\/15\/2022\/05\/social-media-logo-og.png","contentUrl":"https:\/\/award.wiwo.de\/sia\/wp-content\/uploads\/sites\/15\/2022\/05\/social-media-logo-og.png","width":955,"height":500,"caption":"Sustainable Impact Award"},"image":{"@id":"https:\/\/award.wiwo.de\/sia\/#\/schema\/logo\/image\/"}}]}},"acf":[],"_links":{"self":[{"href":"https:\/\/award.wiwo.de\/sia\/wp-json\/wp\/v2\/pages\/27","targetHints":{"allow":["GET"]}}],"collection":[{"href":"https:\/\/award.wiwo.de\/sia\/wp-json\/wp\/v2\/pages"}],"about":[{"href":"https:\/\/award.wiwo.de\/sia\/wp-json\/wp\/v2\/types\/page"}],"author":[{"embeddable":true,"href":"https:\/\/award.wiwo.de\/sia\/wp-json\/wp\/v2\/users\/20"}],"replies":[{"embeddable":true,"href":"https:\/\/award.wiwo.de\/sia\/wp-json\/wp\/v2\/comments?post=27"}],"version-history":[{"count":124,"href":"https:\/\/award.wiwo.de\/sia\/wp-json\/wp\/v2\/pages\/27\/revisions"}],"predecessor-version":[{"id":3460,"href":"https:\/\/award.wiwo.de\/sia\/wp-json\/wp\/v2\/pages\/27\/revisions\/3460"}],"up":[{"embeddable":true,"href":"https:\/\/award.wiwo.de\/sia\/wp-json\/wp\/v2\/pages\/11"}],"wp:attachment":[{"href":"https:\/\/award.wiwo.de\/sia\/wp-json\/wp\/v2\/media?parent=27"}],"curies":[{"name":"wp","href":"https:\/\/api.w.org\/{rel}","templated":true}]}}